{"id":254,"date":"2025-06-03T15:07:31","date_gmt":"2025-06-03T13:07:31","guid":{"rendered":"https:\/\/www.maitresdhotelworldcup2026.com\/?page_id=254"},"modified":"2025-07-04T12:01:23","modified_gmt":"2025-07-04T10:01:23","slug":"la-revue-de-presse","status":"publish","type":"page","link":"https:\/\/www.maitresdhotelworldcup2026.com\/index.php\/la-revue-de-presse\/","title":{"rendered":"La revue de presse"},"content":{"rendered":"\n<figure class=\"wp-block-image size-large\"><img fetchpriority=\"high\" decoding=\"async\" width=\"1024\" height=\"706\" src=\"https:\/\/www.maitresdhotelworldcup2026.com\/wp-content\/uploads\/2025\/06\/Article-lhotellerie-janvier-2025-1024x706.jpg\" alt=\"\" class=\"wp-image-326\" srcset=\"https:\/\/www.maitresdhotelworldcup2026.com\/wp-content\/uploads\/2025\/06\/Article-lhotellerie-janvier-2025-1024x706.jpg 1024w, https:\/\/www.maitresdhotelworldcup2026.com\/wp-content\/uploads\/2025\/06\/Article-lhotellerie-janvier-2025-300x207.jpg 300w, https:\/\/www.maitresdhotelworldcup2026.com\/wp-content\/uploads\/2025\/06\/Article-lhotellerie-janvier-2025-768x530.jpg 768w, https:\/\/www.maitresdhotelworldcup2026.com\/wp-content\/uploads\/2025\/06\/Article-lhotellerie-janvier-2025.jpg 1108w\" sizes=\"(max-width: 1024px) 100vw, 1024px\" \/><\/figure>\n\n\n\n<figure class=\"wp-block-image size-large\"><img decoding=\"async\" width=\"745\" height=\"1024\" src=\"https:\/\/www.maitresdhotelworldcup2026.com\/wp-content\/uploads\/2025\/06\/Article-oeil-en-salle-745x1024.jpeg\" alt=\"\" class=\"wp-image-364\" srcset=\"https:\/\/www.maitresdhotelworldcup2026.com\/wp-content\/uploads\/2025\/06\/Article-oeil-en-salle-745x1024.jpeg 745w, https:\/\/www.maitresdhotelworldcup2026.com\/wp-content\/uploads\/2025\/06\/Article-oeil-en-salle-218x300.jpeg 218w, https:\/\/www.maitresdhotelworldcup2026.com\/wp-content\/uploads\/2025\/06\/Article-oeil-en-salle-768x1056.jpeg 768w, https:\/\/www.maitresdhotelworldcup2026.com\/wp-content\/uploads\/2025\/06\/Article-oeil-en-salle-1117x1536.jpeg 1117w, https:\/\/www.maitresdhotelworldcup2026.com\/wp-content\/uploads\/2025\/06\/Article-oeil-en-salle-1489x2048.jpeg 1489w, https:\/\/www.maitresdhotelworldcup2026.com\/wp-content\/uploads\/2025\/06\/Article-oeil-en-salle-1200x1650.jpeg 1200w, https:\/\/www.maitresdhotelworldcup2026.com\/wp-content\/uploads\/2025\/06\/Article-oeil-en-salle-1980x2723.jpeg 1980w, https:\/\/www.maitresdhotelworldcup2026.com\/wp-content\/uploads\/2025\/06\/Article-oeil-en-salle-scaled.jpeg 1861w\" sizes=\"(max-width: 745px) 100vw, 745px\" \/><\/figure>\n\n\n\n<div class=\"wp-block-media-text is-stacked-on-mobile\"><figure class=\"wp-block-media-text__media\"><img decoding=\"async\" width=\"1024\" height=\"506\" src=\"https:\/\/www.maitresdhotelworldcup2026.com\/wp-content\/uploads\/2025\/06\/Article-Horeca-1-1024x506.jpg\" alt=\"\" class=\"wp-image-545 size-full\" srcset=\"https:\/\/www.maitresdhotelworldcup2026.com\/wp-content\/uploads\/2025\/06\/Article-Horeca-1-1024x506.jpg 1024w, https:\/\/www.maitresdhotelworldcup2026.com\/wp-content\/uploads\/2025\/06\/Article-Horeca-1-300x148.jpg 300w, https:\/\/www.maitresdhotelworldcup2026.com\/wp-content\/uploads\/2025\/06\/Article-Horeca-1-768x379.jpg 768w, https:\/\/www.maitresdhotelworldcup2026.com\/wp-content\/uploads\/2025\/06\/Article-Horeca-1-1536x758.jpg 1536w, https:\/\/www.maitresdhotelworldcup2026.com\/wp-content\/uploads\/2025\/06\/Article-Horeca-1-1200x592.jpg 1200w, https:\/\/www.maitresdhotelworldcup2026.com\/wp-content\/uploads\/2025\/06\/Article-Horeca-1.jpg 1821w\" sizes=\"(max-width: 1024px) 100vw, 1024px\" \/><\/figure><div class=\"wp-block-media-text__content\">\n<figure class=\"wp-block-embed is-type-wp-embed is-provider-actualit-s-et-tendances-horeca wp-block-embed-actualit-s-et-tendances-horeca\"><div class=\"wp-block-embed__wrapper\">\n<blockquote class=\"wp-embedded-content\" data-secret=\"w7sf6oxgRS\"><a href=\"https:\/\/www.materielhoreca.com\/articles\/%f0%9f%a5%82-coupe-du-monde-des-maitres-dhotel-2026-la-france-a-lhonneur-%f0%9f%87%ab%f0%9f%87%b7\/\">\ud83e\udd42 Coupe du Monde des Ma\u00eetres d&rsquo;H\u00f4tel 2026 : La France \u00e0 l&rsquo;Honneur ! \ud83c\uddeb\ud83c\uddf7<\/a><\/blockquote><iframe class=\"wp-embedded-content\" sandbox=\"allow-scripts\" security=\"restricted\" style=\"position: absolute; visibility: hidden;\" title=\"\u00ab\u00a0\ud83e\udd42 Coupe du Monde des Ma\u00eetres d&rsquo;H\u00f4tel 2026 : La France \u00e0 l&rsquo;Honneur ! \ud83c\uddeb\ud83c\uddf7\u00a0\u00bb &#8212; Actualit\u00e9s et Tendances Horeca\" src=\"https:\/\/www.materielhoreca.com\/articles\/%f0%9f%a5%82-coupe-du-monde-des-maitres-dhotel-2026-la-france-a-lhonneur-%f0%9f%87%ab%f0%9f%87%b7\/embed\/#?secret=CVJN2Kn48h#?secret=w7sf6oxgRS\" data-secret=\"w7sf6oxgRS\" width=\"580\" height=\"327\" frameborder=\"0\" marginwidth=\"0\" marginheight=\"0\" scrolling=\"no\"><\/iframe>\n<\/div><\/figure>\n<\/div><\/div>\n\n\n\n<div class=\"wp-block-media-text has-media-on-the-right is-stacked-on-mobile\"><div class=\"wp-block-media-text__content\">\n<p><a href=\"https:\/\/imsa.jp\/worldcup2026french\">https:\/\/imsa.jp\/worldcup2026french<\/a><\/p>\n<\/div><figure class=\"wp-block-media-text__media\"><img loading=\"lazy\" decoding=\"async\" width=\"1024\" height=\"488\" src=\"https:\/\/www.maitresdhotelworldcup2026.com\/wp-content\/uploads\/2025\/06\/page-site-japonais-1024x488.jpg\" alt=\"\" class=\"wp-image-547 size-full\" srcset=\"https:\/\/www.maitresdhotelworldcup2026.com\/wp-content\/uploads\/2025\/06\/page-site-japonais-1024x488.jpg 1024w, https:\/\/www.maitresdhotelworldcup2026.com\/wp-content\/uploads\/2025\/06\/page-site-japonais-300x143.jpg 300w, https:\/\/www.maitresdhotelworldcup2026.com\/wp-content\/uploads\/2025\/06\/page-site-japonais-768x366.jpg 768w, https:\/\/www.maitresdhotelworldcup2026.com\/wp-content\/uploads\/2025\/06\/page-site-japonais-1536x732.jpg 1536w, https:\/\/www.maitresdhotelworldcup2026.com\/wp-content\/uploads\/2025\/06\/page-site-japonais-1200x572.jpg 1200w, https:\/\/www.maitresdhotelworldcup2026.com\/wp-content\/uploads\/2025\/06\/page-site-japonais.jpg 1837w\" sizes=\"(max-width: 1024px) 100vw, 1024px\" \/><\/figure><\/div>\n\n\n\n<div class=\"wp-block-media-text is-stacked-on-mobile\"><figure class=\"wp-block-media-text__media\"><img loading=\"lazy\" decoding=\"async\" width=\"852\" height=\"721\" src=\"https:\/\/www.maitresdhotelworldcup2026.com\/wp-content\/uploads\/2025\/06\/Sans-titre.jpg\" alt=\"\" class=\"wp-image-600 size-full\" srcset=\"https:\/\/www.maitresdhotelworldcup2026.com\/wp-content\/uploads\/2025\/06\/Sans-titre.jpg 852w, https:\/\/www.maitresdhotelworldcup2026.com\/wp-content\/uploads\/2025\/06\/Sans-titre-300x254.jpg 300w, https:\/\/www.maitresdhotelworldcup2026.com\/wp-content\/uploads\/2025\/06\/Sans-titre-768x650.jpg 768w\" sizes=\"(max-width: 852px) 100vw, 852px\" \/><\/figure><div class=\"wp-block-media-text__content\">\n<p><a href=\"https:\/\/www.lhotellerie-restauration.fr\/actualite\/la-coupe-du-monde-des-maitres-d-hotel-devoile-ses-candidats-pour-la-selection-france\">https:\/\/www.lhotellerie-restauration.fr\/actualite\/la-coupe-du-monde-des-maitres-d-hotel-devoile-ses-candidats-pour-la-selection-france<\/a><\/p>\n<\/div><\/div>\n\n\n\n<div class=\"wp-block-media-text has-media-on-the-right is-stacked-on-mobile\"><div class=\"wp-block-media-text__content\">\n<p><a href=\"https:\/\/unoeilensalle.fr\/concours\/douze-finalistes-retenus-pour-la-coupe-du-monde-des-maitres-dhotel-2026\">https:\/\/unoeilensalle.fr\/concours\/douze-finalistes-retenus-pour-la-coupe-du-monde-des-maitres-dhotel-2026<\/a><\/p>\n<\/div><figure class=\"wp-block-media-text__media\"><img loading=\"lazy\" decoding=\"async\" width=\"1024\" height=\"501\" src=\"https:\/\/www.maitresdhotelworldcup2026.com\/wp-content\/uploads\/2025\/07\/Sans-titre2-1024x501.jpg\" alt=\"\" class=\"wp-image-610 size-full\" srcset=\"https:\/\/www.maitresdhotelworldcup2026.com\/wp-content\/uploads\/2025\/07\/Sans-titre2-1024x501.jpg 1024w, https:\/\/www.maitresdhotelworldcup2026.com\/wp-content\/uploads\/2025\/07\/Sans-titre2-300x147.jpg 300w, https:\/\/www.maitresdhotelworldcup2026.com\/wp-content\/uploads\/2025\/07\/Sans-titre2-768x376.jpg 768w, https:\/\/www.maitresdhotelworldcup2026.com\/wp-content\/uploads\/2025\/07\/Sans-titre2-1536x752.jpg 1536w, https:\/\/www.maitresdhotelworldcup2026.com\/wp-content\/uploads\/2025\/07\/Sans-titre2-1200x587.jpg 1200w, https:\/\/www.maitresdhotelworldcup2026.com\/wp-content\/uploads\/2025\/07\/Sans-titre2.jpg 1874w\" sizes=\"(max-width: 1024px) 100vw, 1024px\" \/><\/figure><\/div>\n\n\n\n<p><\/p>\n","protected":false},"excerpt":{"rendered":"<p>https:\/\/imsa.jp\/worldcup2026french https:\/\/www.lhotellerie-restauration.fr\/actualite\/la-coupe-du-monde-des-maitres-d-hotel-devoile-ses-candidats-pour-la-selection-france https:\/\/unoeilensalle.fr\/concours\/douze-finalistes-retenus-pour-la-coupe-du-monde-des-maitres-dhotel-2026<\/p>\n","protected":false},"author":1,"featured_media":0,"parent":0,"menu_order":0,"comment_status":"closed","ping_status":"closed","template":"templates\/template-full-width.php","meta":{"footnotes":""},"class_list":["post-254","page","type-page","status-publish","hentry"],"_links":{"self":[{"href":"https:\/\/www.maitresdhotelworldcup2026.com\/index.php\/wp-json\/wp\/v2\/pages\/254","targetHints":{"allow":["GET"]}}],"collection":[{"href":"https:\/\/www.maitresdhotelworldcup2026.com\/index.php\/wp-json\/wp\/v2\/pages"}],"about":[{"href":"https:\/\/www.maitresdhotelworldcup2026.com\/index.php\/wp-json\/wp\/v2\/types\/page"}],"author":[{"embeddable":true,"href":"https:\/\/www.maitresdhotelworldcup2026.com\/index.php\/wp-json\/wp\/v2\/users\/1"}],"replies":[{"embeddable":true,"href":"https:\/\/www.maitresdhotelworldcup2026.com\/index.php\/wp-json\/wp\/v2\/comments?post=254"}],"version-history":[{"count":8,"href":"https:\/\/www.maitresdhotelworldcup2026.com\/index.php\/wp-json\/wp\/v2\/pages\/254\/revisions"}],"predecessor-version":[{"id":611,"href":"https:\/\/www.maitresdhotelworldcup2026.com\/index.php\/wp-json\/wp\/v2\/pages\/254\/revisions\/611"}],"wp:attachment":[{"href":"https:\/\/www.maitresdhotelworldcup2026.com\/index.php\/wp-json\/wp\/v2\/media?parent=254"}],"curies":[{"name":"wp","href":"https:\/\/api.w.org\/{rel}","templated":true}]}}